{"id":1187,"date":"2024-10-21T13:23:07","date_gmt":"2024-10-21T13:23:07","guid":{"rendered":"https:\/\/merkezotolastik.com.tr\/?page_id=1187"},"modified":"2024-10-21T13:23:10","modified_gmt":"2024-10-21T13:23:10","slug":"nigde-otoban-yol-yardim","status":"publish","type":"page","link":"https:\/\/merkezotolastik.com.tr\/index.php\/nigde-otoban-yol-yardim\/","title":{"rendered":"Ni\u011fde Otoban Yol Yard\u0131m"},"content":{"rendered":"<p>Ni\u011fde Lastik Tamiri<br>\u201cEn uygun fiyatl\u0131, en kaliteli, en h\u0131zl\u0131\u201d ilkesiyle servis sa\u011flayan Ni\u011fde Oto Lastik, yol yard\u0131m faaliyeti almak isteyen ara\u00e7 sahiplerine tek telefon uzakl\u0131kta! Hemen arzu etti\u011finiz i\u015fletmenin geni\u015f hizmet yelpazesiyle hizmetinize sunuyoruz.<\/p><p>Ni\u011fde Lastik De\u011fi\u015fimi<br>Araban\u0131n lasti\u011finin s\u00f6nmesi zaten tek ba\u015f\u0131na ho\u015f olmayan bir durumken bir de gecenin bir vakti s\u00f6nmesi, m\u00fc\u015fterilerimizde \u201cBu vakitte n\u00f6bet\u00e7i lastik\u00e7i var m\u0131d\u0131r, en yak\u0131n lastik\u00e7i nerede olabilir ki?\u201d endi\u015fesini do\u011furuyor. Ancak geni\u015f hizmet yelpazesiyle b\u00fct\u00fcn yol yard\u0131m faaliyetlerimizde sundu\u011fumuz \u201c7 g\u00fcn 24 saat yol yard\u0131m hizmeti\u201d garantisi veriyoruz. Hemen belirtti\u011finiz lokasyona ula\u015farak arzu ederseniz s\u0131f\u0131r lastik arzu ederseniz ikinci el lastiklerle lastik de\u011fi\u015fimi yap\u0131larak araban\u0131z, yeniden \u00e7al\u0131\u015f\u0131r duruma getirilecektir.<\/p><p>Ni\u011fde Yol Yard\u0131m<br>Yolda ara\u00e7 ar\u0131zas\u0131 yada lastik patlamas\u0131 gibi durumlarda firmam\u0131z\u0131n oto \u00e7ekici numaras\u0131n\u0131 arayarak acil \u00e7ekici \u00e7a\u011f\u0131rabilirsiniz.<\/p><p>Ni\u011fde S\u0131f\u0131r Lastik Sat\u0131\u015f\u0131<br>T\u00fcm otomobil modelleri i\u00e7in g\u00fcvenilir marka ve modelleri ile i\u015finde uzman, tecr\u00fcbeli, pratik ve \u00e7\u00f6z\u00fcm odakl\u0131 ekiplerimiz her zaman sizin yan\u0131n\u0131zda. Ni\u011fde&#8217;nin her yerinde uzman kadromuz ile lasti\u011finizin i\u015flemlerini yerinde ve zaman\u0131nda uygun fiyat ve m\u00fc\u015fteri memnuniyeti ile sunmaktay\u0131z.<\/p><p>Ni\u011fde Otoban Lastik\u00e7i<br>Ni\u011fde Lastik Tamiri ve Ni\u011fde Lastik Tamir Servisi olarak bulundu\u011funuz konuma mobil lastik tamir servis arac\u0131m\u0131z ile lastik tamiri yol yard\u0131m hizmeti sunuyoruz. Lastik Tamiri Servisi ekibimiz lastik patlamas\u0131 ve lastikle ilgili sorunlar\u0131n\u0131za k\u0131sa s\u00fcrede yap\u0131yoruz. Ni\u011fde en yak\u0131n lastik\u00e7i mobil lastik servisi hizmet arac\u0131m\u0131z\u0131 hemen y\u00f6nlendiriyoruz. 7\/24 Lastik\u00e7i olarak firmam\u0131z\u0131 g\u00fcn\u00fcn her saati gece g\u00fcnd\u00fcz arayabilir usta \u00e7a\u011f\u0131rabilirsiniz.<\/p><p>Ni\u011fde Otoban Yol Yard\u0131m<br>Otoyol g\u00fczergah\u0131nda seyahat ederken kaza, yaralanma, yang\u0131n ve benzeri AC\u0130L durumlarla kar\u015f\u0131la\u015f\u0131lmas\u0131 halinde yard\u0131m talep etmek i\u00e7in 7\/24 \u00e7al\u0131\u015fan Ni\u011fde Oto Latik firmam\u0131z\u0131 arayabilirsiniz.<\/p><p>Ni\u011fde Otoban Ak\u00fc Takviye<br>Bu zamana kadar elde etti\u011fi ba\u015far\u0131lar ile Ni\u011fde, Nev\u015fehir, Aksaray, Kayseri, Ni\u011fde-Ankara Otoban\u0131, Ni\u011fde-Adana Otoban\u0131 genelinde ad\u0131n\u0131 \u00e7evre il ve il\u00e7elere lastik sat\u0131\u015f, lastik tamir, lastik mobil yol yard\u0131m\u0131, jant ve ak\u00fc sat\u0131\u015f\u0131na y\u00f6nelik \u00e7al\u0131\u015fmalar\u0131 t\u00fcm h\u0131z\u0131yla devam etmektedir.<\/p>","protected":false},"excerpt":{"rendered":"<p>Ni\u011fde Lastik Tamiri\u201cEn uygun fiyatl\u0131, en kaliteli, en h\u0131zl\u0131\u201d ilkesiyle servis sa\u011flayan Ni\u011fde Oto Lastik, yol yard\u0131m faaliyeti almak isteyen<\/p>\n","protected":false},"author":1,"featured_media":0,"parent":0,"menu_order":0,"comment_status":"closed","ping_status":"closed","template":"","meta":{"footnotes":""},"class_list":["post-1187","page","type-page","status-publish","hentry"],"_links":{"self":[{"href":"https:\/\/merkezotolastik.com.tr\/index.php\/wp-json\/wp\/v2\/pages\/1187","targetHints":{"allow":["GET"]}}],"collection":[{"href":"https:\/\/merkezotolastik.com.tr\/index.php\/wp-json\/wp\/v2\/pages"}],"about":[{"href":"https:\/\/merkezotolastik.com.tr\/index.php\/wp-json\/wp\/v2\/types\/page"}],"author":[{"embeddable":true,"href":"https:\/\/merkezotolastik.com.tr\/index.php\/wp-json\/wp\/v2\/users\/1"}],"replies":[{"embeddable":true,"href":"https:\/\/merkezotolastik.com.tr\/index.php\/wp-json\/wp\/v2\/comments?post=1187"}],"version-history":[{"count":1,"href":"https:\/\/merkezotolastik.com.tr\/index.php\/wp-json\/wp\/v2\/pages\/1187\/revisions"}],"predecessor-version":[{"id":1188,"href":"https:\/\/merkezotolastik.com.tr\/index.php\/wp-json\/wp\/v2\/pages\/1187\/revisions\/1188"}],"wp:attachment":[{"href":"https:\/\/merkezotolastik.com.tr\/index.php\/wp-json\/wp\/v2\/media?parent=1187"}],"curies":[{"name":"wp","href":"https:\/\/api.w.org\/{rel}","templated":true}]}}